{"id":16554,"date":"2021-03-18T17:45:11","date_gmt":"2021-03-18T17:45:11","guid":{"rendered":"http:\/\/arpac.edu.mx\/archivos\/?page_id=16554"},"modified":"2023-02-07T23:00:26","modified_gmt":"2023-02-07T23:00:26","slug":"maestria-en-psicoanalisis-2","status":"publish","type":"page","link":"https:\/\/arpac.edu.mx\/archivos\/programas-academicos\/maestria-en-psicoanalisis-2\/","title":{"rendered":"MAESTR\u00cdA EN PSICOAN\u00c1LISIS                                                                                                                      (Modelo Cl\u00e1sico Freudiano)"},"content":{"rendered":"<p>[vc_row css_animation=&#8221;&#8221; row_type=&#8221;row&#8221; use_row_as_full_screen_section=&#8221;no&#8221; type=&#8221;full_width&#8221; angled_section=&#8221;no&#8221; text_align=&#8221;left&#8221; background_image_as_pattern=&#8221;without_pattern&#8221;][vc_column][vc_column_text]<\/p>\n<h1>MAESTR\u00cdA EN PSICOAN\u00c1LISIS<\/h1>\n<p>[\/vc_column_text][\/vc_column][\/vc_row][vc_row css_animation=&#8221;&#8221; row_type=&#8221;row&#8221; use_row_as_full_screen_section=&#8221;no&#8221; type=&#8221;full_width&#8221; angled_section=&#8221;no&#8221; text_align=&#8221;left&#8221; background_image_as_pattern=&#8221;without_pattern&#8221;][vc_column][vc_empty_space][\/vc_column][\/vc_row][vc_row css_animation=&#8221;&#8221; row_type=&#8221;row&#8221; use_row_as_full_screen_section=&#8221;no&#8221; type=&#8221;full_width&#8221; angled_section=&#8221;no&#8221; text_align=&#8221;left&#8221; background_image_as_pattern=&#8221;without_pattern&#8221;][vc_column width=&#8221;1\/6&#8243;][\/vc_column][vc_column width=&#8221;2\/3&#8243;][vc_tabs style=&#8221;boxed&#8221;][vc_tab title=&#8221;DURACI\u00d3N:&#8221; tab_id=&#8221;b2e91165-cf9d-0&#8243;][vc_column_text]<\/p>\n<p style=\"text-align: left;\">4 a\u00f1os (8 semestres)<\/p>\n<p>[\/vc_column_text][\/vc_tab][vc_tab title=&#8221;DIRIGIDO A:&#8221; tab_id=&#8221;9655d8df-1986-9&#8243;][vc_column_text]<\/p>\n<ul>\n<li>M\u00e9dicos psiquiatr\u00eda con entrenamiento en psicoterapia psicoanal\u00edtica<\/li>\n<li>Lic. en psicolog\u00eda con maestr\u00eda cl\u00ednica en psicoterapia psicoanal\u00edtica individual de adultos.<\/li>\n<\/ul>\n<p>[\/vc_column_text][\/vc_tab][vc_tab title=&#8221;ACUERDO:&#8221; tab_id=&#8221;1556850092372-2-1&#8243;][vc_column_text]Acuerdo No.: AM-V 249\/2009[\/vc_column_text][\/vc_tab][vc_tab title=&#8221;RECONOCIMIENTO POR:&#8221; tab_id=&#8221;1556850129428-3-0&#8243;][vc_column_text]<img loading=\"lazy\" decoding=\"async\" class=\"alignnone size-medium wp-image-16538 aligncenter\" src=\"https:\/\/arpac.edu.mx\/archivos\/wp-content\/uploads\/2019\/05\/logo-psychoanalysis-international-psychoanalytical-300x88.png\" alt=\"\" width=\"300\" height=\"88\" \/><img loading=\"lazy\" decoding=\"async\" class=\"alignnone size-medium wp-image-16537 aligncenter\" src=\"https:\/\/arpac.edu.mx\/archivos\/wp-content\/uploads\/2019\/05\/sep-logo-300x103.png\" alt=\"\" width=\"300\" height=\"103\" srcset=\"https:\/\/arpac.edu.mx\/archivos\/wp-content\/uploads\/2019\/05\/sep-logo-300x103.png 300w, https:\/\/arpac.edu.mx\/archivos\/wp-content\/uploads\/2019\/05\/sep-logo-768x263.png 768w, https:\/\/arpac.edu.mx\/archivos\/wp-content\/uploads\/2019\/05\/sep-logo-1024x351.png 1024w, https:\/\/arpac.edu.mx\/archivos\/wp-content\/uploads\/2019\/05\/sep-logo-700x240.png 700w, https:\/\/arpac.edu.mx\/archivos\/wp-content\/uploads\/2019\/05\/sep-logo.png 1280w\" sizes=\"(max-width: 300px) 100vw, 300px\" \/>[\/vc_column_text][\/vc_tab][\/vc_tabs][\/vc_column][vc_column width=&#8221;1\/6&#8243;][\/vc_column][\/vc_row][vc_row css_animation=&#8221;&#8221; row_type=&#8221;row&#8221; use_row_as_full_screen_section=&#8221;no&#8221; type=&#8221;full_width&#8221; angled_section=&#8221;no&#8221; text_align=&#8221;left&#8221; background_image_as_pattern=&#8221;without_pattern&#8221;][vc_column][vc_empty_space height=&#8221;60px&#8221;][\/vc_column][\/vc_row][vc_row css_animation=&#8221;&#8221; row_type=&#8221;row&#8221; use_row_as_full_screen_section=&#8221;no&#8221; type=&#8221;full_width&#8221; angled_section=&#8221;no&#8221; text_align=&#8221;left&#8221; background_image_as_pattern=&#8221;without_pattern&#8221;][vc_column width=&#8221;1\/6&#8243;][\/vc_column][vc_column width=&#8221;2\/3&#8243;]<div class=\"qode-accordion-holder clearfix qode-accordion qode-initial \">\n\t<h4 class=\"clearfix qode-title-holder\">\n<span class=\"qode-tab-title\">\n\t    <span class=\"qode-tab-title-inner\">\n        PRIMER SEMESTRE    <\/span>\n<\/span>\n<span class=\"qode-accordion-mark\">\n    <span class=\"qode-accordion-mark-icon\">\n        <span class=\"icon_plus\"><\/span>\n        <span class=\"icon_minus-06\"><\/span>\n    <\/span>\n<\/span>\n<\/h4>\n<div  class=\"qode-accordion-content \" >\n    <div class=\"qode-accordion-content-inner\">\n        [vc_column_text]<\/p>\n<ul>\n<li>Historia del Movimiento Psicoanal\u00edtico<\/li>\n<li>Contribuciones de Freud I<\/li>\n<li>Historiales Cl\u00ednicos de Freud.<\/li>\n<li>Conceptos Psicoanal\u00edticos del Desarrollo I<\/li>\n<li>Psicopatolog\u00eda I<\/li>\n<\/ul>\n<p>[\/vc_column_text]    <\/div>\n<\/div><h4 class=\"clearfix qode-title-holder\">\n<span class=\"qode-tab-title\">\n\t    <span class=\"qode-tab-title-inner\">\n        SEGUNDO SEMESTRE    <\/span>\n<\/span>\n<span class=\"qode-accordion-mark\">\n    <span class=\"qode-accordion-mark-icon\">\n        <span class=\"icon_plus\"><\/span>\n        <span class=\"icon_minus-06\"><\/span>\n    <\/span>\n<\/span>\n<\/h4>\n<div  class=\"qode-accordion-content \" >\n    <div class=\"qode-accordion-content-inner\">\n        [vc_column_text]<\/p>\n<ul>\n<li>Contribuciones de Freud II<\/li>\n<li>Conceptos Psicoanal\u00edticos del Desarrollo II<\/li>\n<li>Psicopatolog\u00eda II<\/li>\n<li>T\u00e9cnica Psicoanal\u00edtica I<\/li>\n<li>Grupo Control I<\/li>\n<\/ul>\n<p>[\/vc_column_text]    <\/div>\n<\/div><h4 class=\"clearfix qode-title-holder\">\n<span class=\"qode-tab-title\">\n\t    <span class=\"qode-tab-title-inner\">\n        TERCER SEMESTRE    <\/span>\n<\/span>\n<span class=\"qode-accordion-mark\">\n    <span class=\"qode-accordion-mark-icon\">\n        <span class=\"icon_plus\"><\/span>\n        <span class=\"icon_minus-06\"><\/span>\n    <\/span>\n<\/span>\n<\/h4>\n<div  class=\"qode-accordion-content \" >\n    <div class=\"qode-accordion-content-inner\">\n        [vc_column_text]<\/p>\n<ul>\n<li>Conceptos Psicoanal\u00edticos del Desarrollo III<\/li>\n<li>Psicopatolog\u00eda III<\/li>\n<li>T\u00e9cnica Psicoanal\u00edtica II<\/li>\n<li>Teor\u00eda Psicoanal\u00edtica I<\/li>\n<li>Grupo Control II<\/li>\n<\/ul>\n<p>[\/vc_column_text]    <\/div>\n<\/div><h4 class=\"clearfix qode-title-holder\">\n<span class=\"qode-tab-title\">\n\t    <span class=\"qode-tab-title-inner\">\n        CUARTO SEMESTRE    <\/span>\n<\/span>\n<span class=\"qode-accordion-mark\">\n    <span class=\"qode-accordion-mark-icon\">\n        <span class=\"icon_plus\"><\/span>\n        <span class=\"icon_minus-06\"><\/span>\n    <\/span>\n<\/span>\n<\/h4>\n<div  class=\"qode-accordion-content \" >\n    <div class=\"qode-accordion-content-inner\">\n        [vc_column_text]<\/p>\n<ul>\n<li>Conceptos Psicoanal\u00edticos del Desarrollo IV<\/li>\n<li>Psicopatolog\u00eda IV<\/li>\n<li>T\u00e9cnica Psicoanal\u00edtica III<\/li>\n<li>Teor\u00eda Psicoanal\u00edtica II<\/li>\n<li>Grupo Control III<\/li>\n<\/ul>\n<p>[\/vc_column_text]    <\/div>\n<\/div><h4 class=\"clearfix qode-title-holder\">\n<span class=\"qode-tab-title\">\n\t    <span class=\"qode-tab-title-inner\">\n        QUINTO SEMESTRE    <\/span>\n<\/span>\n<span class=\"qode-accordion-mark\">\n    <span class=\"qode-accordion-mark-icon\">\n        <span class=\"icon_plus\"><\/span>\n        <span class=\"icon_minus-06\"><\/span>\n    <\/span>\n<\/span>\n<\/h4>\n<div  class=\"qode-accordion-content \" >\n    <div class=\"qode-accordion-content-inner\">\n        [vc_column_text]<\/p>\n<ul>\n<li>Psicopatolog\u00eda V<\/li>\n<li>T\u00e9cnica Psicoanal\u00edtica IV<\/li>\n<li>Teor\u00eda Psicoanal\u00edtica III<\/li>\n<li>Grupo Control IV<\/li>\n<\/ul>\n<p>[\/vc_column_text]    <\/div>\n<\/div><h4 class=\"clearfix qode-title-holder\">\n<span class=\"qode-tab-title\">\n\t    <span class=\"qode-tab-title-inner\">\n        SEXTO SEMESTRE    <\/span>\n<\/span>\n<span class=\"qode-accordion-mark\">\n    <span class=\"qode-accordion-mark-icon\">\n        <span class=\"icon_plus\"><\/span>\n        <span class=\"icon_minus-06\"><\/span>\n    <\/span>\n<\/span>\n<\/h4>\n<div  class=\"qode-accordion-content \" >\n    <div class=\"qode-accordion-content-inner\">\n        [vc_column_text]<\/p>\n<ul>\n<li>Conceptos Psicoanal\u00edticos del Desarrollo VI<\/li>\n<li>Psicopatolog\u00eda VI<\/li>\n<li>T\u00e9cnica Psicoanal\u00edtica V<\/li>\n<li>Teor\u00eda Psicoanal\u00edtica IV<\/li>\n<li>Grupo Control V<\/li>\n<\/ul>\n<p>[\/vc_column_text]    <\/div>\n<\/div><h4 class=\"clearfix qode-title-holder\">\n<span class=\"qode-tab-title\">\n\t    <span class=\"qode-tab-title-inner\">\n        SEPTIMO SEMESTRE    <\/span>\n<\/span>\n<span class=\"qode-accordion-mark\">\n    <span class=\"qode-accordion-mark-icon\">\n        <span class=\"icon_plus\"><\/span>\n        <span class=\"icon_minus-06\"><\/span>\n    <\/span>\n<\/span>\n<\/h4>\n<div  class=\"qode-accordion-content \" >\n    <div class=\"qode-accordion-content-inner\">\n        [vc_column_text]<\/p>\n<ul>\n<li>Conceptos Psicoanal\u00edticos del Desarrollo VII<\/li>\n<li>Psicopatolog\u00eda VII<\/li>\n<li>Metodolog\u00eda de la Investigaci\u00f3n<\/li>\n<li>Teor\u00eda Psicoanal\u00edtica V<\/li>\n<li>Grupo Control VI<\/li>\n<\/ul>\n<p>[\/vc_column_text]    <\/div>\n<\/div><h4 class=\"clearfix qode-title-holder\">\n<span class=\"qode-tab-title\">\n\t    <span class=\"qode-tab-title-inner\">\n        OCTAVO SEMESTRE    <\/span>\n<\/span>\n<span class=\"qode-accordion-mark\">\n    <span class=\"qode-accordion-mark-icon\">\n        <span class=\"icon_plus\"><\/span>\n        <span class=\"icon_minus-06\"><\/span>\n    <\/span>\n<\/span>\n<\/h4>\n<div  class=\"qode-accordion-content \" >\n    <div class=\"qode-accordion-content-inner\">\n        [vc_column_text]<\/p>\n<ul>\n<li>Conceptos Psicoanal\u00edticos del Desarrollo VIII<\/li>\n<li>Psicopatolog\u00eda VIII<\/li>\n<li>T\u00e9cnica Psicoanal\u00edtica VI<\/li>\n<li>Teor\u00eda Psicoanal\u00edtica VI<\/li>\n<li>Grupo Control VII<\/li>\n<\/ul>\n<p>[\/vc_column_text]    <\/div>\n<\/div><\/div>[\/vc_column][vc_column width=&#8221;1\/6&#8243;][\/vc_column][\/vc_row][vc_row css_animation=&#8221;&#8221; row_type=&#8221;row&#8221; use_row_as_full_screen_section=&#8221;no&#8221; type=&#8221;full_width&#8221; angled_section=&#8221;no&#8221; text_align=&#8221;left&#8221; background_image_as_pattern=&#8221;without_pattern&#8221;][vc_column][vc_empty_space height=&#8221;60px&#8221;][\/vc_column][\/vc_row]<\/p>\n","protected":false},"excerpt":{"rendered":"<p>[vc_row css_animation=&#8221;&#8221; row_type=&#8221;row&#8221; use_row_as_full_screen_section=&#8221;no&#8221; type=&#8221;full_width&#8221; angled_section=&#8221;no&#8221; text_align=&#8221;left&#8221; background_image_as_pattern=&#8221;without_pattern&#8221;][vc_column][vc_column_text] MAESTR\u00cdA EN PSICOAN\u00c1LISIS [\/vc_column_text][\/vc_column][\/vc_row][vc_row css_animation=&#8221;&#8221; row_type=&#8221;row&#8221; use_row_as_full_screen_section=&#8221;no&#8221; type=&#8221;full_width&#8221; angled_section=&#8221;no&#8221; text_align=&#8221;left&#8221; background_image_as_pattern=&#8221;without_pattern&#8221;][vc_column][vc_empty_space][\/vc_column][\/vc_row][vc_row css_animation=&#8221;&#8221; row_type=&#8221;row&#8221; use_row_as_full_screen_section=&#8221;no&#8221; type=&#8221;full_width&#8221; angled_section=&#8221;no&#8221; text_align=&#8221;left&#8221; background_image_as_pattern=&#8221;without_pattern&#8221;][vc_column width=&#8221;1\/6&#8243;][\/vc_column][vc_column width=&#8221;2\/3&#8243;][vc_tabs style=&#8221;boxed&#8221;][vc_tab title=&#8221;DURACI\u00d3N:&#8221; tab_id=&#8221;b2e91165-cf9d-0&#8243;][vc_column_text] 4 a\u00f1os (8 semestres) [\/vc_column_text][\/vc_tab][vc_tab title=&#8221;DIRIGIDO A:&#8221; tab_id=&#8221;9655d8df-1986-9&#8243;][vc_column_text] M\u00e9dicos psiquiatr\u00eda con entrenamiento en psicoterapia&#8230;<\/p>\n","protected":false},"author":1,"featured_media":0,"parent":16363,"menu_order":0,"comment_status":"closed","ping_status":"closed","template":"","meta":{"footnotes":""},"_links":{"self":[{"href":"https:\/\/arpac.edu.mx\/archivos\/wp-json\/wp\/v2\/pages\/16554"}],"collection":[{"href":"https:\/\/arpac.edu.mx\/archivos\/wp-json\/wp\/v2\/pages"}],"about":[{"href":"https:\/\/arpac.edu.mx\/archivos\/wp-json\/wp\/v2\/types\/page"}],"author":[{"embeddable":true,"href":"https:\/\/arpac.edu.mx\/archivos\/wp-json\/wp\/v2\/users\/1"}],"replies":[{"embeddable":true,"href":"https:\/\/arpac.edu.mx\/archivos\/wp-json\/wp\/v2\/comments?post=16554"}],"version-history":[{"count":8,"href":"https:\/\/arpac.edu.mx\/archivos\/wp-json\/wp\/v2\/pages\/16554\/revisions"}],"predecessor-version":[{"id":17156,"href":"https:\/\/arpac.edu.mx\/archivos\/wp-json\/wp\/v2\/pages\/16554\/revisions\/17156"}],"up":[{"embeddable":true,"href":"https:\/\/arpac.edu.mx\/archivos\/wp-json\/wp\/v2\/pages\/16363"}],"wp:attachment":[{"href":"https:\/\/arpac.edu.mx\/archivos\/wp-json\/wp\/v2\/media?parent=16554"}],"curies":[{"name":"wp","href":"https:\/\/api.w.org\/{rel}","templated":true}]}}